 -4*r + 1266 = -2*c. Is r composite?
False
Let i be ((-3)/3 + -44)/1. Is 749/9 - (-10)/i a prime number?
True
Let p = -480 + 965. Is p a composite number?
True
Let q = -12 + 17. Suppose 178 = q*b - 77. Is b a prime number?
False
Let v(d) = -31*d + 4. Let m be v(-4). Suppose -n + 13 + 17 = 3*b, -4*n + m = 4*b. Suppose -l + 4*l - 4*g = n, 9 = -3*g. Is l a composite number?
False
Is 63/2 + 2/(-4) prime?
True
Is (0 - -2) + (-4 - -664) prime?
False
Let d(p) = p**2 + p + 9. Let l be d(0). Let t be -10 - (1 + 1/1). Is ((-112)/t)/(6/l) composite?
True
Let l(a) = 5*a**2 + 4*a + 4. Suppose 4*q - 4 = 4. Let g be (10/(3 + -2))/q. Is l(g) prime?
True
Suppose 5*w - 3 - 4 = 3*v, 0 = -w + 3*v - 1. Suppose -w*o + 9 = -o. Suppose 2*t - 4*d - 30 = 0, -o*t = -4*t - 5*d - 75. Is t a prime number?
False
Let n(q) = -7*q**2 - 41*q + 24. Let f(u) = u**2 + 21*u + 2*u**2 - 12 - u. Let z(s) = -5*f(s) - 2*n(s). Is z(-11) a composite number?
False
Let s be (-1 - 0)*-1*4. Suppose s*k - 15 = 5. Suppose -315 = -k*v + q + 117, 357 = 4*v + 3*q. Is v prime?
False
Suppose 3*d + 5 = -s + 1, 0 = 2*d - 4*s - 16. Suppose 0 = 4*t - d*t. Suppose 4*g + 0*m - 5*m - 669 = 0, -4*g + 2*m + 654 = t. Is g a composite number?
True
Suppose -2*c - 696 = -f + c, 3*f = -c + 2098. Is f a prime number?
False
Suppose 0 = 2*f + 2 - 4. Is 21/6 + f/(-2) a prime number?
True
Suppose -2*f + 3*v + 18 = 0, 3*f + 2*f - 2*v = 56. Suppose 0 = -4*k + k + f. Suppose 0*j + 231 = 5*j - k*o, -2 = -2*o. Is j a composite number?
False
Suppose -r + 16 - 41 = 4*o, -4*o + 20 = -4*r. Let l be (-12)/10*210/r. Suppose 4*b = -0*b + l. Is b prime?
True
Is -2*(-502)/(-4)*-2 prime?
False
Let f be (-3)/3*2*5. Suppose 5*y + 295 = -0*y. Let t = f - y. Is t composite?
True
Let g(t) = -t**2 + 17*t - 3. Suppose -11 = -5*l + 24. Is g(l) prime?
True
Suppose 4*w - 3555 = -5*w. Is w a composite number?
True
Suppose 4*s + 158 = -5*y - 228, 3*y = 3*s + 303. Suppose 3*u + 2*u + 230 = 0. Let o = u - s. Is o a composite number?
False
Let k(m) = -m**3 + 12*m**2 - 9*m - 16. Let i be k(11). Let y be (2/i)/((-1)/(-15)). Suppose y*t - 48 = -o, 0 = -2*o + 5*t + 69 - 18. Is o a composite number?
True
Let n = -68 + 151. Is n a prime number?
True
Suppose -2*y + 0*g = -2*g - 206, -3*y + 309 = 5*g. Let h = y + -72. Is h a prime number?
True
Suppose -2 = -x, -x = s - 6 + 1. Let v(y) = -4*y**2 + 3*y + 2*y**2 - y**s + 5*y**2 + 2. Is v(3) prime?
True
Let q(v) = 67*v**3 - v**2 + v. Suppose -4*x + 2 = -2. Let i be q(x). Is i*(1 + -2 - -2) composite?
False
Let k = 23 + -18. Suppose 3*r + 166 = k*r. Is r a composite number?
False
Let a(c) = 8*c**2 - 1. Suppose -3 - 5 = 4*p. Let o = p + 0. Is a(o) a prime number?
True
Let c = -79 + 986. Is c composite?
False
Let p(t) be the third derivative of t**4/24 + 7*t**3/6 - 2*t**2. Let h be p(-7). Suppose 3*g = 30 - h. Is g a composite number?
True
Suppose -6*d = -2*u - 2*d + 5238, -3*d - 15 = 0. Is u a composite number?
False
Suppose 3*w = 9 + 159. Let z = w + -30. Suppose 0 = -4*g - 5*r + 129, 2*r + z = g - 3*r. Is g a composite number?
False
Suppose 5*s - 5*v + 3 + 2 = 0, 2*s = -4*v + 4. Suppose s*t = t. Suppose -3*d + 21 + 78 = t. Is d a composite number?
True
Let c be 0 - -1 - (2 - 1). Suppose c = k - 7 + 1. Suppose -5*w + 161 = k. Is w composite?
False
Let u(l) = l - 4. Let y be u(7). Suppose 2*n = 2*v - 10, y*n + 1 + 14 = -v. Suppose v = -2*t + 592 - 150. Is t composite?
True
Let v(m) = 36*m**2 + 5*m - 7. Is v(-6) prime?
True
Is 2 - 2 - 4 - -93 composite?
False
Suppose 0*y - 5*y + 25 = 0. Suppose -3*i - 3*w + 2*w + 278 = 0, -5*w + 480 = y*i. Is i a prime number?
False
Let s(m) = 5*m + 0*m**3 + 10*m**2 - 6 - m**3 - 5*m**2. Is s(5) composite?
False
Let r = -13 + 21. Suppose -7*q = 2*h - 2*q + 7, 0 = h + 4*q + r. Suppose 0 = -4*m - h, -o - m = 2*m - 4. Is o a composite number?
False
Suppose -7*h + 32 = -2*h + 4*k, 5*h - 5*k = 5. Suppose -2*o - h*f = 3*o - 805, 3*o + 4*f = 483. Is o prime?
False
Let y(j) = 9*j + 1 - 3*j**2 - 8*j**2 + 12*j**2. Is y(-12) a prime number?
True
Is (-2)/(-4)*(-372)/(-6) prime?
True
Is 1/(((-8)/452)/(-2)) prime?
True
Let i = -1 - -4. Suppose r + 94 = -2*q - 2*r, 3*q + 144 = -i*r. Let u = q + 105. Is u prime?
False
Let t(u) = -8*u**2 + u**3 - u**2 - 6 - 7. Is t(10) a composite number?
True
Let x = 5 + -8. Let n(c) = -c**3 - c**2 + 3*c + 4. Is n(x) a composite number?
False
Let k(i) = -i + 4. Let n be k(4). Let j be n/(-3) - 0/1. Suppose j = -3*u + 4*u - 37. Is u prime?
True
Suppose 5*o = o - 3268. Let v = -486 - o. Is v composite?
False
Let t(f) = -28*f - 1. Let h = -2 + 0. Is t(h) prime?
False
Let l(j) = -8*j + 17. Is l(-9) prime?
True
Suppose 0 = 5*q - 5, 2*q = -2*i + 143 + 97. Is i a prime number?
False
Suppose -4*q - 2*h + 6 = 0, -3*q + 12 = -3*h + 2*h. Let v(a) = 4*a - 8 + 4 + a - q*a**2 - a**3. Is v(-5) prime?
False
Let i be 0/2*(-3)/6. Let k = 18 + -18. Suppose 39 = 2*d - s - k*s, -4*s - 4 = i. Is d a prime number?
True
Suppose 4*c + 7 = 3*n, -5*n + 21 = -3*c + c. Suppose 4*z - 216 = -5*g - 62, 3*z - 56 = -c*g. Is g prime?
False
Suppose 8 = -5*b + 3*b, -d - 4*b + 37 = 0. Is d prime?
True
Suppose -2*r = -4*r. Suppose -5*y + 248 = 2*p - 3*y, -p + y + 114 = r. Is p prime?
False
Is 26/4*1*34 a composite number?
True
Suppose 3*f - 1747 = 1514. Is f a composite number?
False
Let h(a) = 3 - 1 + 1 - 6*a + 5*a**2 + 3. Let y be h(-5). Suppose 4*n - y - 35 = 0. Is n a composite number?
True
Suppose 2*d = -70 + 1872. Is d prime?
False
Suppose 556 = x + 5*u, -79 = -4*x + 3*u + 2076. Is x a prime number?
True
Suppose 5*n = 4*p + 320, 2*n - 71 = p + 3*n. Let r = 108 + p. Is r a composite number?
True
Let m(r) = -r**2 - 12*r - 1. Let d be m(-8). Let x = d - -60. Is x prime?
False
Let m(x) = x**3 - x**2 + x + 2. Let k be m(0). Suppose h + 71 + 101 = 5*v, 2*v + k*h - 64 = 0. Is v composite?
True
Suppose 2*i = 4*i + 2*d - 18, 11 = i + 3*d. Suppose 4*n = 4*v - 8*v + 24, 3*n - 2*v - i = 0. Suppose n*q = q + 231. Is q a composite number?
True
Let u be -2 - -2 - (-3)/(-3). Let y(w) = w + 127. Let s be y(0). Is (0 - s*u)*1 prime?
True
Let j = -22 - -23. Is (j + 222)*(-11 - -12) composite?
False
Suppose -4*q - 3*h = -1519, -q + h + 1 = -384. Is q composite?
True
Let j be (-1 + -2 - -5) + 3. Suppose 0 = 4*p - 3 - 1, -j*y = p - 51. Is y composite?
True
Suppose 2*y - 10 = 6. Let z = -4 + y. Is (2/z)/((-5)/(-150)) a prime number?
False
Let w(y) = 7*y**3 + y**2 + 12*y - 13. Is w(7) composite?
False
Is 4345/20 + 2/(-8) a prime number?
False
Suppose 4*i - 112 = 4*k, 4*k - 11 + 51 = i. Is (-356)/(-6) - 8/i composite?
False
Let c(q) = -25*q - 1. Is c(-6) prime?
True
Let a = -17 + 11. Let f(k) = -k - 1. Let d be f(a). Suppose 66 + 4 = d*q. Is q a composite number?
True
Let f = 683 + -34. Is f prime?
False
Let c(p) be the first derivative of -23*p**4/4 - p**3/3 - p**2/2 - 2. Let l be c(-1). Suppose -3 = -2*v + l. Is v prime?
True
Let q(g) = g**3 - 5*g**2 - 2. Let m be q(5). Let z = m - -5. Suppose -47 - z = -5*x. Is x a composite number?
True
Let k(n) = n**3 - n**2 - n + 40. Let q be k(0). Let w = 190 - q. Suppose 5*v - 335 = w. Is v composite?
False
Let w(f) = -f - 11. Let b be w(-8). Let h = b + 3. Suppose -r + 3 = -h*r + 3*l, -4*r - 2*l + 22 = 0. Is r composite?
True
Let x = 166 + 37. Is x composite?
True
Let y = 2040 + -695. Is y a composite number?
True
Suppose -1173 = -3*j + 2*v, -2*j = -7*j + 5*v + 1960. Is j prime?
True
Let t(j) = 6*j**3 + 9*j - 6. Let u(g) = -5*g**3 - 8*g + 5. Let p(l) = 6*t(l) + 7*u(l). Is p(4) composite?
True
Suppose -4*d + d = 5*c - 367, 0 = -5*c + 25. Is d/(-4)*2/(-3) composite?
False
Let x(h) = 2*h**2 - 4*h + 2. Let r be x(2). Suppose 12 = -3*l, -158 = -r*p - 5*l - 0*l. Is p prime?
True
Let d(o) = 9*o + 8. Is d(9) a prime number?
True
Let t be -54*4/(12/(-57)). Suppose 498 = -2*l + 4*l + 4*k, 2*k = -4*l + t. Is l prime?
False
Let f(h) = h + 24*h**2 - 14*h**2 - 52*h**3 - 8*h**2. Suppose -2*s = -2*l + 10, -3*s + 2*l = -8*s + 3. Is f(s) a composite number?
False
Suppose 0 = 3*p - p - 8. Suppose x + p*x - 5 = 0. Is (x/3)/(1/111) prime?
True
Suppose -4*h + 5*g - 21 = 0, -2*h - g - 15 = 2*h. Is h*74/(-2) + 1 composite?
False
Let v(f) = 9*f**2 + 0*f + 3*f + 9*f**2 - 5. Let n be (-12)/(-18)*(-3 - -9). Is v(n) composite?
True
Let k = 271 + 64. Is k prime?
False
Suppose -4*c - 3*r = -11 - 6, -5*